{"id":4920,"date":"2017-01-30T15:30:18","date_gmt":"2017-01-30T15:30:18","guid":{"rendered":"http:\/\/ambient.elated-themes.com\/?page_id=4920"},"modified":"2026-03-08T16:48:02","modified_gmt":"2026-03-08T15:48:02","slug":"architecte-interieur-angers-montpellier","status":"publish","type":"page","link":"https:\/\/studio-lo-design.com\/?page_id=4920","title":{"rendered":"CONTACT"},"content":{"rendered":"<p>[vc_row row_type=\u00a0\u00bbparallax\u00a0\u00bb full_screen_section_height=\u00a0\u00bbno\u00a0\u00bb css=\u00a0\u00bb.vc_custom_1772984573608{background-position: center !important;background-repeat: no-repeat !important;background-size: cover !important;}\u00a0\u00bb parallax_background_image=\u00a0\u00bb10095&Prime;][vc_column][vc_empty_space height=\u00a0\u00bb100&Prime;][\/vc_column][\/vc_row][vc_row row_content_width=\u00a0\u00bbgrid\u00a0\u00bb css=\u00a0\u00bb.vc_custom_1485947034945{padding-top: 102px !important;padding-bottom: 136px !important;}\u00a0\u00bb][vc_column offset=\u00a0\u00bbvc_col-lg-6&Prime; css=\u00a0\u00bb.vc_custom_1485947282734{padding-right: 9% !important;}\u00a0\u00bb][vc_column_text]<!-- End Google Tag Manager --><\/p>\n<h2>Un projet ?<\/h2>\n<h2>Venez m&rsquo;en parler, j&rsquo;ai plein d&rsquo;id\u00e9es !<\/h2>\n<p>[\/vc_column_text][vc_empty_space height=\u00a0\u00bb26px\u00a0\u00bb][vc_empty_space height=\u00a0\u00bb26px\u00a0\u00bb][vc_empty_space height=\u00a0\u00bb26px\u00a0\u00bb][vc_column_text css=\u00a0\u00bb.vc_custom_1772984877581{margin-top: -2px !important;}\u00a0\u00bb]<\/p>\n<h5><\/h5>\n<h5><\/h5>\n<h4><strong>STUDIO LO DESIGN<\/strong> agence d&rsquo;architecture d&rsquo;int\u00e9rieur \u00e9co-sensible sur Angers, La Fl\u00e8che &amp; Marseille.<\/h4>\n<h5>Vous souhaitez d\u00e9couvrir mon travail ?<\/h5>\n<h5>N&rsquo;h\u00e9sitez pas \u00e0 rendre visite \u00e0 mes clients, ils sont super sympas &amp; vous ouvriront leurs portes avec autant de plaisir que celui que j&rsquo;ai eu \u00e0 r\u00e9aliser leurs projets.<\/h5>\n<h5>Retrouvez la liste dans la rubrique <a href=\"https:\/\/studio-lo-design.com\/?page_id=2681\"><strong>R\u00c9ALISATIONS<\/strong><\/a><\/h5>\n<p>[\/vc_column_text][vc_empty_space height=\u00a0\u00bb26px\u00a0\u00bb][vc_column_text]<\/p>\n<h4>email: studiolo@outlook.fr<br \/>\nt\u00e9l\u00e9phone: 07 81 49 22 16<\/h4>\n<p>[\/vc_column_text][\/vc_column][vc_column offset=\u00a0\u00bbvc_col-lg-6&Prime;][vc_empty_space height=\u00a0\u00bb26px\u00a0\u00bb]\n<div class=\"wpcf7 no-js\" id=\"wpcf7-f6-o1\" lang=\"fr-FR\" dir=\"ltr\" data-wpcf7-id=\"6\">\n<div class=\"screen-reader-response\"><p role=\"status\" aria-live=\"polite\" aria-atomic=\"true\"><\/p> <ul><\/ul><\/div>\n<form action=\"\/index.php?rest_route=%2Fwp%2Fv2%2Fpages%2F4920#wpcf7-f6-o1\" method=\"post\" class=\"wpcf7-form init cf7_custom_style_1\" aria-label=\"Formulaire de contact\" novalidate=\"novalidate\" data-status=\"init\">\n<fieldset class=\"hidden-fields-container\"><input type=\"hidden\" name=\"_wpcf7\" value=\"6\" \/><input type=\"hidden\" name=\"_wpcf7_version\" value=\"6.1.5\" \/><input type=\"hidden\" name=\"_wpcf7_locale\" value=\"fr_FR\" \/><input type=\"hidden\" name=\"_wpcf7_unit_tag\" value=\"wpcf7-f6-o1\" \/><input type=\"hidden\" name=\"_wpcf7_container_post\" value=\"0\" \/><input type=\"hidden\" name=\"_wpcf7_posted_data_hash\" value=\"\" \/>\n<\/fieldset>\n<p><label> Votre nom<br \/>\n<span class=\"wpcf7-form-control-wrap\" data-name=\"your-name\"><input size=\"40\" maxlength=\"400\" class=\"wpcf7-form-control wpcf7-text wpcf7-validates-as-required\" autocomplete=\"name\" aria-required=\"true\" aria-invalid=\"false\" value=\"\" type=\"text\" name=\"your-name\" \/><\/span> <\/label>\n<\/p>\n<p><label> Votre e-mail<br \/>\n<span class=\"wpcf7-form-control-wrap\" data-name=\"your-email\"><input size=\"40\" maxlength=\"400\" class=\"wpcf7-form-control wpcf7-email wpcf7-validates-as-required wpcf7-text wpcf7-validates-as-email\" autocomplete=\"email\" aria-required=\"true\" aria-invalid=\"false\" value=\"\" type=\"email\" name=\"your-email\" \/><\/span> <\/label>\n<\/p>\n<p><label> Objet<br \/>\n<span class=\"wpcf7-form-control-wrap\" data-name=\"your-subject\"><input size=\"40\" maxlength=\"400\" class=\"wpcf7-form-control wpcf7-text wpcf7-validates-as-required\" aria-required=\"true\" aria-invalid=\"false\" value=\"\" type=\"text\" name=\"your-subject\" \/><\/span> <\/label>\n<\/p>\n<p><label> Votre message<br \/>\n<span class=\"wpcf7-form-control-wrap\" data-name=\"your-message\"><textarea cols=\"40\" rows=\"10\" maxlength=\"2000\" class=\"wpcf7-form-control wpcf7-textarea\" aria-invalid=\"false\" name=\"your-message\"><\/textarea><\/span> <\/label>\n<\/p>\n<p><input class=\"wpcf7-form-control wpcf7-submit has-spinner\" type=\"submit\" value=\"Envoyer\" \/>\n<\/p><div class=\"wpcf7-response-output\" aria-hidden=\"true\"><\/div>\n<\/form>\n<\/div>\n[\/vc_column][\/vc_row][vc_row row_type=\u00a0\u00bbparallax\u00a0\u00bb full_screen_section_height=\u00a0\u00bbno\u00a0\u00bb css=\u00a0\u00bb.vc_custom_1772984573608{background-position: center !important;background-repeat: no-repeat !important;background-size: cover !important;}\u00a0\u00bb parallax_background_image=\u00a0\u00bb10095&Prime;][vc_column][vc_empty_space height=\u00a0\u00bb100&Prime;][\/vc_column][\/vc_row]<\/p>\n","protected":false},"excerpt":{"rendered":"<p>[vc_row row_type=\u00a0\u00bbparallax\u00a0\u00bb full_screen_section_height=\u00a0\u00bbno\u00a0\u00bb css=\u00a0\u00bb.vc_custom_1772984573608{background-position: center !important;background-repeat: no-repeat !important;background-size: cover !important;}\u00a0\u00bb parallax_background_image=\u00a0\u00bb10095&Prime;][vc_column][vc_empty_space height=\u00a0\u00bb100&Prime;][\/vc_column][\/vc_row][vc_row row_content_width=\u00a0\u00bbgrid\u00a0\u00bb css=\u00a0\u00bb.vc_custom_1485947034945{padding-top: 102px !important;padding-bottom: 136px !important;}\u00a0\u00bb][vc_column offset=\u00a0\u00bbvc_col-lg-6&Prime; css=\u00a0\u00bb.vc_custom_1485947282734{padding-right: 9% !important;}\u00a0\u00bb][vc_column_text] Un projet ? Venez m&rsquo;en parler, j&rsquo;ai plein d&rsquo;id\u00e9es ! [\/vc_column_text][vc_empty_space height=\u00a0\u00bb26px\u00a0\u00bb][vc_empty_space height=\u00a0\u00bb26px\u00a0\u00bb][vc_empty_space height=\u00a0\u00bb26px\u00a0\u00bb][vc_column_text css=\u00a0\u00bb.vc_custom_1772984877581{margin-top: -2px !important;}\u00a0\u00bb] STUDIO LO DESIGN agence d&rsquo;architecture d&rsquo;int\u00e9rieur [&hellip;]<\/p>\n","protected":false},"author":1,"featured_media":9037,"parent":0,"menu_order":0,"comment_status":"closed","ping_status":"closed","template":"full-width.php","meta":{"footnotes":""},"class_list":["post-4920","page","type-page","status-publish","has-post-thumbnail","hentry"],"yoast_head":"<!-- This site is optimized with the Yoast SEO plugin v27.4 - https:\/\/yoast.com\/product\/yoast-seo-wordpress\/ -->\n<title>STUDIO LO DESIGN Architecte d&#039;int\u00e9rieur sur Angers<\/title>\n<meta name=\"description\" content=\"STUDIO LO DESIGN Architecte d&#039;int\u00e9rieur sur Angers, Le Mans &amp; Marseille est une agence d&#039;architecture \u00e9co-sensible sp\u00e9cialis\u00e9e dans les bars, h\u00f4tels &amp; restaurants, mais \u00e9galement ouverte aux collectivit\u00e9s &amp; aux particuliers. Que ce soit pour r\u00e9nover, optimiser, d\u00e9corer, adapter, embellir ou bien pour cr\u00e9er un concept unique, nous abordons votre projet dans sa globalit\u00e9 pour cr\u00e9er des espaces qui vous ressemblent.\" \/>\n<meta name=\"robots\" content=\"index, follow, max-snippet:-1, max-image-preview:large, max-video-preview:-1\" \/>\n<link rel=\"canonical\" href=\"https:\/\/studio-lo-design.com\/\" \/>\n<meta property=\"og:locale\" content=\"fr_FR\" \/>\n<meta property=\"og:type\" content=\"article\" \/>\n<meta property=\"og:title\" content=\"STUDIO LO DESIGN Architecte d&#039;int\u00e9rieur sur Angers\" \/>\n<meta property=\"og:description\" content=\"STUDIO LO DESIGN Architecte d&#039;int\u00e9rieur sur Angers, Le Mans &amp; Marseille est une agence d&#039;architecture \u00e9co-sensible sp\u00e9cialis\u00e9e dans les bars, h\u00f4tels &amp; restaurants, mais \u00e9galement ouverte aux collectivit\u00e9s &amp; aux particuliers. Que ce soit pour r\u00e9nover, optimiser, d\u00e9corer, adapter, embellir ou bien pour cr\u00e9er un concept unique, nous abordons votre projet dans sa globalit\u00e9 pour cr\u00e9er des espaces qui vous ressemblent.\" \/>\n<meta property=\"og:url\" content=\"https:\/\/studio-lo-design.com\/\" \/>\n<meta property=\"og:site_name\" content=\"STUDIO LO DESIGN Architecte d&#039;int\u00e9rieur sur Angers, Le Mans &amp; Marseille\" \/>\n<meta property=\"article:publisher\" content=\"https:\/\/www.facebook.com\/profile.php?id=100088068041508\" \/>\n<meta property=\"article:modified_time\" content=\"2026-03-08T15:48:02+00:00\" \/>\n<meta property=\"og:image\" content=\"https:\/\/studio-lo-design.com\/wp-content\/uploads\/2023\/06\/Original-Logo-Copie-1.png\" \/>\n\t<meta property=\"og:image:width\" content=\"800\" \/>\n\t<meta property=\"og:image:height\" content=\"782\" \/>\n\t<meta property=\"og:image:type\" content=\"image\/png\" \/>\n<meta name=\"twitter:card\" content=\"summary_large_image\" \/>\n<meta name=\"twitter:label1\" content=\"Dur\u00e9e de lecture estim\u00e9e\" \/>\n\t<meta name=\"twitter:data1\" content=\"1 minute\" \/>\n<script type=\"application\/ld+json\" class=\"yoast-schema-graph\">{\"@context\":\"https:\\\/\\\/schema.org\",\"@graph\":[{\"@type\":\"WebPage\",\"@id\":\"https:\\\/\\\/studio-lo-design.com\\\/?page_id=4920\",\"url\":\"https:\\\/\\\/studio-lo-design.com\\\/\",\"name\":\"STUDIO LO DESIGN Architecte d'int\u00e9rieur sur Angers\",\"isPartOf\":{\"@id\":\"https:\\\/\\\/studio-lo-design.com\\\/#website\"},\"primaryImageOfPage\":{\"@id\":\"https:\\\/\\\/studio-lo-design.com\\\/#primaryimage\"},\"image\":{\"@id\":\"https:\\\/\\\/studio-lo-design.com\\\/#primaryimage\"},\"thumbnailUrl\":\"https:\\\/\\\/studio-lo-design.com\\\/wp-content\\\/uploads\\\/2023\\\/06\\\/Original-Logo-Copie-1.png\",\"datePublished\":\"2017-01-30T15:30:18+00:00\",\"dateModified\":\"2026-03-08T15:48:02+00:00\",\"description\":\"STUDIO LO DESIGN Architecte d'int\u00e9rieur sur Angers, Le Mans & Marseille est une agence d'architecture \u00e9co-sensible sp\u00e9cialis\u00e9e dans les bars, h\u00f4tels & restaurants, mais \u00e9galement ouverte aux collectivit\u00e9s & aux particuliers. Que ce soit pour r\u00e9nover, optimiser, d\u00e9corer, adapter, embellir ou bien pour cr\u00e9er un concept unique, nous abordons votre projet dans sa globalit\u00e9 pour cr\u00e9er des espaces qui vous ressemblent.\",\"breadcrumb\":{\"@id\":\"https:\\\/\\\/studio-lo-design.com\\\/#breadcrumb\"},\"inLanguage\":\"fr-FR\",\"potentialAction\":[{\"@type\":\"ReadAction\",\"target\":[\"https:\\\/\\\/studio-lo-design.com\\\/\"]}]},{\"@type\":\"ImageObject\",\"inLanguage\":\"fr-FR\",\"@id\":\"https:\\\/\\\/studio-lo-design.com\\\/#primaryimage\",\"url\":\"https:\\\/\\\/studio-lo-design.com\\\/wp-content\\\/uploads\\\/2023\\\/06\\\/Original-Logo-Copie-1.png\",\"contentUrl\":\"https:\\\/\\\/studio-lo-design.com\\\/wp-content\\\/uploads\\\/2023\\\/06\\\/Original-Logo-Copie-1.png\",\"width\":800,\"height\":782,\"caption\":\"STUDIO LO DESIGN Designer d'espace sur Montpellier\"},{\"@type\":\"BreadcrumbList\",\"@id\":\"https:\\\/\\\/studio-lo-design.com\\\/#breadcrumb\",\"itemListElement\":[{\"@type\":\"ListItem\",\"position\":1,\"name\":\"Accueil\",\"item\":\"https:\\\/\\\/studio-lo-design.com\\\/\"},{\"@type\":\"ListItem\",\"position\":2,\"name\":\"STUDIO LO DESIGN Architecte d'int\u00e9rieur sur Angers\"}]},{\"@type\":\"WebSite\",\"@id\":\"https:\\\/\\\/studio-lo-design.com\\\/#website\",\"url\":\"https:\\\/\\\/studio-lo-design.com\\\/\",\"name\":\"STUDIO LO DESIGN Architecte d&#039;int\u00e9rieur sur Angers, Le Mans &amp; Marseille\",\"description\":\"STUDIO LO DESIGN est une agence d&#039;architecture \u00e9co-sensible sur Angers, Le Mans &amp; Marseille\",\"publisher\":{\"@id\":\"https:\\\/\\\/studio-lo-design.com\\\/#organization\"},\"potentialAction\":[{\"@type\":\"SearchAction\",\"target\":{\"@type\":\"EntryPoint\",\"urlTemplate\":\"https:\\\/\\\/studio-lo-design.com\\\/?s={search_term_string}\"},\"query-input\":{\"@type\":\"PropertyValueSpecification\",\"valueRequired\":true,\"valueName\":\"search_term_string\"}}],\"inLanguage\":\"fr-FR\"},{\"@type\":\"Organization\",\"@id\":\"https:\\\/\\\/studio-lo-design.com\\\/#organization\",\"name\":\"STUDIO LO DESIGN Architecte d&#039;int\u00e9rieur sur Angers, Le Mans &amp; Marseille\",\"url\":\"https:\\\/\\\/studio-lo-design.com\\\/\",\"logo\":{\"@type\":\"ImageObject\",\"inLanguage\":\"fr-FR\",\"@id\":\"https:\\\/\\\/studio-lo-design.com\\\/#\\\/schema\\\/logo\\\/image\\\/\",\"url\":\"https:\\\/\\\/studio-lo-design.com\\\/wp-content\\\/uploads\\\/2023\\\/06\\\/Original-Logo-Copie-1.png\",\"contentUrl\":\"https:\\\/\\\/studio-lo-design.com\\\/wp-content\\\/uploads\\\/2023\\\/06\\\/Original-Logo-Copie-1.png\",\"width\":800,\"height\":782,\"caption\":\"STUDIO LO DESIGN Architecte d&#039;int\u00e9rieur sur Angers, Le Mans &amp; Marseille\"},\"image\":{\"@id\":\"https:\\\/\\\/studio-lo-design.com\\\/#\\\/schema\\\/logo\\\/image\\\/\"},\"sameAs\":[\"https:\\\/\\\/www.facebook.com\\\/profile.php?id=100088068041508\",\"https:\\\/\\\/www.linkedin.com\\\/company\\\/91487379\\\/admin\\\/feed\\\/posts\\\/\",\"https:\\\/\\\/www.instagram.com\\\/studio.lo.design\\\/\"]}]}<\/script>\n<!-- \/ Yoast SEO plugin. -->","yoast_head_json":{"title":"STUDIO LO DESIGN Architecte d'int\u00e9rieur sur Angers","description":"STUDIO LO DESIGN Architecte d'int\u00e9rieur sur Angers, Le Mans & Marseille est une agence d'architecture \u00e9co-sensible sp\u00e9cialis\u00e9e dans les bars, h\u00f4tels & restaurants, mais \u00e9galement ouverte aux collectivit\u00e9s & aux particuliers. Que ce soit pour r\u00e9nover, optimiser, d\u00e9corer, adapter, embellir ou bien pour cr\u00e9er un concept unique, nous abordons votre projet dans sa globalit\u00e9 pour cr\u00e9er des espaces qui vous ressemblent.","robots":{"index":"index","follow":"follow","max-snippet":"max-snippet:-1","max-image-preview":"max-image-preview:large","max-video-preview":"max-video-preview:-1"},"canonical":"https:\/\/studio-lo-design.com\/","og_locale":"fr_FR","og_type":"article","og_title":"STUDIO LO DESIGN Architecte d'int\u00e9rieur sur Angers","og_description":"STUDIO LO DESIGN Architecte d'int\u00e9rieur sur Angers, Le Mans & Marseille est une agence d'architecture \u00e9co-sensible sp\u00e9cialis\u00e9e dans les bars, h\u00f4tels & restaurants, mais \u00e9galement ouverte aux collectivit\u00e9s & aux particuliers. Que ce soit pour r\u00e9nover, optimiser, d\u00e9corer, adapter, embellir ou bien pour cr\u00e9er un concept unique, nous abordons votre projet dans sa globalit\u00e9 pour cr\u00e9er des espaces qui vous ressemblent.","og_url":"https:\/\/studio-lo-design.com\/","og_site_name":"STUDIO LO DESIGN Architecte d&#039;int\u00e9rieur sur Angers, Le Mans &amp; Marseille","article_publisher":"https:\/\/www.facebook.com\/profile.php?id=100088068041508","article_modified_time":"2026-03-08T15:48:02+00:00","og_image":[{"width":800,"height":782,"url":"https:\/\/studio-lo-design.com\/wp-content\/uploads\/2023\/06\/Original-Logo-Copie-1.png","type":"image\/png"}],"twitter_card":"summary_large_image","twitter_misc":{"Dur\u00e9e de lecture estim\u00e9e":"1 minute"},"schema":{"@context":"https:\/\/schema.org","@graph":[{"@type":"WebPage","@id":"https:\/\/studio-lo-design.com\/?page_id=4920","url":"https:\/\/studio-lo-design.com\/","name":"STUDIO LO DESIGN Architecte d'int\u00e9rieur sur Angers","isPartOf":{"@id":"https:\/\/studio-lo-design.com\/#website"},"primaryImageOfPage":{"@id":"https:\/\/studio-lo-design.com\/#primaryimage"},"image":{"@id":"https:\/\/studio-lo-design.com\/#primaryimage"},"thumbnailUrl":"https:\/\/studio-lo-design.com\/wp-content\/uploads\/2023\/06\/Original-Logo-Copie-1.png","datePublished":"2017-01-30T15:30:18+00:00","dateModified":"2026-03-08T15:48:02+00:00","description":"STUDIO LO DESIGN Architecte d'int\u00e9rieur sur Angers, Le Mans & Marseille est une agence d'architecture \u00e9co-sensible sp\u00e9cialis\u00e9e dans les bars, h\u00f4tels & restaurants, mais \u00e9galement ouverte aux collectivit\u00e9s & aux particuliers. Que ce soit pour r\u00e9nover, optimiser, d\u00e9corer, adapter, embellir ou bien pour cr\u00e9er un concept unique, nous abordons votre projet dans sa globalit\u00e9 pour cr\u00e9er des espaces qui vous ressemblent.","breadcrumb":{"@id":"https:\/\/studio-lo-design.com\/#breadcrumb"},"inLanguage":"fr-FR","potentialAction":[{"@type":"ReadAction","target":["https:\/\/studio-lo-design.com\/"]}]},{"@type":"ImageObject","inLanguage":"fr-FR","@id":"https:\/\/studio-lo-design.com\/#primaryimage","url":"https:\/\/studio-lo-design.com\/wp-content\/uploads\/2023\/06\/Original-Logo-Copie-1.png","contentUrl":"https:\/\/studio-lo-design.com\/wp-content\/uploads\/2023\/06\/Original-Logo-Copie-1.png","width":800,"height":782,"caption":"STUDIO LO DESIGN Designer d'espace sur Montpellier"},{"@type":"BreadcrumbList","@id":"https:\/\/studio-lo-design.com\/#breadcrumb","itemListElement":[{"@type":"ListItem","position":1,"name":"Accueil","item":"https:\/\/studio-lo-design.com\/"},{"@type":"ListItem","position":2,"name":"STUDIO LO DESIGN Architecte d'int\u00e9rieur sur Angers"}]},{"@type":"WebSite","@id":"https:\/\/studio-lo-design.com\/#website","url":"https:\/\/studio-lo-design.com\/","name":"STUDIO LO DESIGN Architecte d&#039;int\u00e9rieur sur Angers, Le Mans &amp; Marseille","description":"STUDIO LO DESIGN est une agence d&#039;architecture \u00e9co-sensible sur Angers, Le Mans &amp; Marseille","publisher":{"@id":"https:\/\/studio-lo-design.com\/#organization"},"potentialAction":[{"@type":"SearchAction","target":{"@type":"EntryPoint","urlTemplate":"https:\/\/studio-lo-design.com\/?s={search_term_string}"},"query-input":{"@type":"PropertyValueSpecification","valueRequired":true,"valueName":"search_term_string"}}],"inLanguage":"fr-FR"},{"@type":"Organization","@id":"https:\/\/studio-lo-design.com\/#organization","name":"STUDIO LO DESIGN Architecte d&#039;int\u00e9rieur sur Angers, Le Mans &amp; Marseille","url":"https:\/\/studio-lo-design.com\/","logo":{"@type":"ImageObject","inLanguage":"fr-FR","@id":"https:\/\/studio-lo-design.com\/#\/schema\/logo\/image\/","url":"https:\/\/studio-lo-design.com\/wp-content\/uploads\/2023\/06\/Original-Logo-Copie-1.png","contentUrl":"https:\/\/studio-lo-design.com\/wp-content\/uploads\/2023\/06\/Original-Logo-Copie-1.png","width":800,"height":782,"caption":"STUDIO LO DESIGN Architecte d&#039;int\u00e9rieur sur Angers, Le Mans &amp; Marseille"},"image":{"@id":"https:\/\/studio-lo-design.com\/#\/schema\/logo\/image\/"},"sameAs":["https:\/\/www.facebook.com\/profile.php?id=100088068041508","https:\/\/www.linkedin.com\/company\/91487379\/admin\/feed\/posts\/","https:\/\/www.instagram.com\/studio.lo.design\/"]}]}},"jetpack_sharing_enabled":true,"_links":{"self":[{"href":"https:\/\/studio-lo-design.com\/index.php?rest_route=\/wp\/v2\/pages\/4920","targetHints":{"allow":["GET"]}}],"collection":[{"href":"https:\/\/studio-lo-design.com\/index.php?rest_route=\/wp\/v2\/pages"}],"about":[{"href":"https:\/\/studio-lo-design.com\/index.php?rest_route=\/wp\/v2\/types\/page"}],"author":[{"embeddable":true,"href":"https:\/\/studio-lo-design.com\/index.php?rest_route=\/wp\/v2\/users\/1"}],"replies":[{"embeddable":true,"href":"https:\/\/studio-lo-design.com\/index.php?rest_route=%2Fwp%2Fv2%2Fcomments&post=4920"}],"version-history":[{"count":50,"href":"https:\/\/studio-lo-design.com\/index.php?rest_route=\/wp\/v2\/pages\/4920\/revisions"}],"predecessor-version":[{"id":10223,"href":"https:\/\/studio-lo-design.com\/index.php?rest_route=\/wp\/v2\/pages\/4920\/revisions\/10223"}],"wp:featuredmedia":[{"embeddable":true,"href":"https:\/\/studio-lo-design.com\/index.php?rest_route=\/wp\/v2\/media\/9037"}],"wp:attachment":[{"href":"https:\/\/studio-lo-design.com\/index.php?rest_route=%2Fwp%2Fv2%2Fmedia&parent=4920"}],"curies":[{"name":"wp","href":"https:\/\/api.w.org\/{rel}","templated":true}]}}